lse
Is 356103883 a composite number?
False
Is 4636651 composite?
False
Is 32041283 composite?
True
Is 271003 prime?
True
Is 807371 a prime number?
True
Is 4006039 a prime number?
True
Is 5868869 a composite number?
False
Is 4944983 a prime number?
True
Is 113699561 a composite number?
False
Is 747437921 a composite number?
False
Is 2298262 a composite number?
True
Is 59304803 prime?
True
Is 8863997 prime?
True
Is 2805581 prime?
False
Is 982474291 composite?
False
Is 23844577 prime?
True
Is 13417307 a prime number?
True
Is 73722227 prime?
True
Is 314226917 a prime number?
False
Is 2692463 a composite number?
False
Is 84330989 a prime number?
True
Is 28473547 prime?
True
Is 3417977 a prime number?
True
Is 2495351 a prime number?
True
Is 203411839 a composite number?
True
Is 6147199 composite?
False
Is 14962777 a prime number?
False
Is 3803707 composite?
False
Is 184755279 a composite number?
True
Is 481469 a composite number?
False
Is 63016777 prime?
True
Is 15617369 a composite number?
False
Is 5180017 a composite number?
False
Is 3367183 a prime number?
False
Is 146308901 composite?
False
Is 10167199 a composite number?
True
Is 11900345 a composite number?
True
Is 5408191 a composite number?
False
Is 25623463 composite?
True
Is 834869 a prime number?
False
Is 31334869 a prime number?
True
Is 336427961 composite?
False
Is 263594447 a composite number?
True
Is 860822 a prime number?
False
Is 35051 prime?
True
Is 20057729 prime?
True
Is 10299623 prime?
True
Is 133149327 a prime number?
False
Is 30967747 a composite number?
True
Is 126389 a composite number?
True
Is 1745137 prime?
True
Is 16486163 a composite number?
False
Is 7495877 a composite number?
True
Is 88995457 prime?
True
Is 1342967 a prime number?
False
Is 285421 a prime number?
True
Is 157943087 composite?
False
Is 23970643 a composite number?
True
Is 6014731 composite?
True
Is 4900277 prime?
True
Is 490697 prime?
True
Is 64022653 a composite number?
False
Is 8298167 prime?
False
Is 1502717 a composite number?
False
Is 1636501 prime?
True
Is 154932359 prime?
True
Is 81345235 composite?
True
Is 1905257 a prime number?
True
Is 27834109 composite?
False
Is 66302881 prime?
True
Is 188339 a prime number?
False
Is 274424453 a prime number?
True
Is 1679454187 composite?
False
Is 10114007 prime?
True
Is 2735779 composite?
True
Is 2502311 composite?
True
Is 41996219 composite?
False
Is 163045195 a composite number?
True
Is 301917073 composite?
False
Is 6376379 a prime number?
False
Is 580939 prime?
True
Is 3884807 composite?
False
Is 5578381 a composite number?
True
Is 43447013 composite?
True
Is 46238011 composite?
True
Is 6108743 prime?
True
Is 14718994 prime?
False
Is 642955 prime?
False
Is 848201 prime?
True
Is 18667 a composite number?
True
Is 51229114 a composite number?
True
Is 14306681 composite?
False
Is 9239359 a composite number?
False
Is 274405 a prime number?
False
Is 368707 composite?
True
Is 13651559 prime?
True
Is 1261207 prime?
False
Is 41028335 a composite number?
True
Is 5665831 a composite number?
True
Is 28287061 prime?
False
Is 64357421 prime?
False
Is 8152883 composite?
False
Is 49462037 prime?
True
Is 2084703 a composite number?
True
Is 68841559 prime?
True
Is 115079551 a composite number?
False
Is 91129837 a composite number?
False
Is 6192047 a prime number?
True
Is 2569679 a composite number?
True
Is 10517918 a prime number?
False
Is 107581 a composite number?
False
Is 330058079 a prime number?
False
Is 1167852755 a prime number?
False
Is 42149759 composite?
False
Is 274637 composite?
True
Is 86749489 prime?
True
Is 33491847 a composite number?
True
Is 3763811 composite?
False
Is 788101 a prime number?
False
Is 1106821 a prime number?
True
Is 328481 a composite number?
False
Is 23087791 composite?
True
Is 423350111 a composite number?
True
Is 6616991 composite?
False
Is 67954261 prime?
False
Is 6809423 prime?
True
Is 1373441945 a composite number?
True
Is 199288897 prime?
True
Is 44701451 a prime number?
True
Is 1454771 prime?
False
Is 537331 a composite number?
False
Is 2158393 a composite number?
False
Is 10387961 prime?
True
Is 1205887 a composite number?
True
Is 38942923 composite?
True
Is 57932471 a composite number?
False
Is 183410081 prime?
True
Is 10258459 prime?
True
Is 49996571 a composite number?
False
Is 262669217 a prime number?
True
Is 12620203 a composite number?
False
Is 377741171 a prime number?
True
Is 10831627 a prime number?
False
Is 348815671 a composite number?
False
Is 8466477 prime?
False
Is 62950907 prime?
False
Is 99450889 a composite number?
True
Is 102465767 prime?
True
Is 592576177 prime?
True
Is 225511633 a composite number?
True
Is 88448741 prime?
False
Is 13819277 composite?
True
Is 514331 a prime number?
False
Is 75419 a composite number?
True
Is 16689026 a composite number?
True
Is 12126442 a composite number?
True
Is 802336739 prime?
True
Is 6275519 composite?
False
Is 398915633 prime?
False
Is 38795993 a composite number?
False
Is 7963469 a composite number?
False
Is 5332643 composite?
False
Is 2072962633 prime?
False
Is 53767667 a composite number?
False
Is 114064439 composite?
False
Is 1655377 composite?
False
Is 3417539 a composite number?
False
Is 18157613 a prime number?
False
Is 6034751 a prime number?
True
Is 2566763 a composite number?
True
Is 154398571 a composite number?
False
Is 6229033 composite?
False
Is 1363764239 prime?
True
Is 238802605 a prime number?
False
Is 2266571 a prime number?
True
Is 127872599 composite?
False
Is 6091133 a prime number?
False
Is 809661139 a composite number?
True
Is 284582645 prime?
False
Is 8244781 a prime number?
True
Is 85154957 composite?
False
Is 2797117 prime?
True
Is 40723717 prime?
False
Is 26074077 a composite number?
True
Is 176779033 prime?
False
Is 22974331 composite?
False
Is 2551697 composite?
False
Is 12165499 prime?
False
Is 24095111 prime?
False
Is 296927159 prime?
False
Is 443200189 a prime number?
True
Is 56725813 composite?
False
Is 10240847 a composite number?
True
Is 1167353539 a composite number?
True
Is 14665691 composite?
True
Is 279311 a composite number?
False
Is 64180099 composite?
True
Is 3046133 composite?
False
Is 3125743 prime?
False
Is 121166189 a prime number?
True
Is 31595329 a composite number?
True
Is 81346399 a prime number?
True
Is 1329117 composite?
True
Is 3899453 prime?
True
Is 1288682 composite?
True
Is 33951679 a composite number?
True
Is 440123 composite?
True
Is 15557027 composite?
True
Is 33414505 composite?
True
Is 382612885 a composite number?
True
Is 56301521 prime?
True
Is 34137937 a composite number?
False
Is 140663023 prime?
False
Is 75615431 a prime number?
True
Is 752221 a composite number?
True
Is 175722299 a composite number?
False
Is 19585435 a composite number?
True
Is 53086543 a prime number?
True
Is 914309761 a prime number?
True
Is 2002523 a prime number?
True
Is 15151085 a prime number?
False
Is 1360427 a prime number?
False
Is 6731079 composite?
True
Is 2560465 a composite number?
True
Is 2976757 composite?
True
Is 8270263 a prime number?
False
Is 2038819 a prime number?
True
Is 45748033 a prime number?
False
Is 9026543 prime?
True
Is 13711931 prime?
True
Is 5952733 a composite number?
True
Is 252427601 prime?
True
Is 14187703 a prime number?
True
Is 59823443 prime?
False
Is 2365751 a composite number?
False
Is 9879022 prime?
False
Is 16628561 a prime number?
True
Is 19400999 a composite number?
False
Is 102708523 prime?
True
Is 760519 a prime number?
True
Is 21634023 a prime number?
False
Is 30856043 composite?
False
Is 97209029 a composite number?
False
Is 2367947 a composite number?
True
Is 52098253 composite?
False
Is 22071067 a prime number?
True
Is 6931069 composite?
False
Is 5965397 a prime number?
True
Is 5812539 prime?
False
Is 23614687 a prime number?
True
Is 8421257 composite?
True
Is 17508077 a composite number?
False
Is 2986127 composite?
True
Is 32599663 prime?
False
Is 2624173 a prime number?
True
Is 209392037 a composite number?
False
Is 14884081 prime?
False
Is 2259823 a prime number?
True
Is 3189613 a composite number?
True
Is 3596503 composite?
True
Is 87136007 composite?
True
Is 227709362 a composite number?
True
Is 12840637 a composite number?
True
Is 1323017 composite?
False
Is 5415101 a composite numbe